16).
20
Let i(h) = 182*h - 8377. Give i(46).
-5
Let n(r) = -364*r - 200. Determine n(-1).
164
Let l(y) = -12*y - 573. Give l(-33).
-177
Let x(o) = -o**2 - 17*o + 50. What is x(-22)?
-60
Let w(u) = 156*u + 20124. Calculate w(-129).
0
Let u(z) = -z**3 - 3*z**2 + 12*z - 32. What is u(-6)?
4
Let w(v) = 13*v**3 + 222*v**2 + 15*v + 11. Calculate w(-17).
45
Let q(o) = 17*o + 821. What is q(-61)?
-216
Let k(v) = 34*v + 267. What is k(-8)?
-5
Let r(q) = q**2 - q - 3. What is r(1)?
-3
Let h(t) = -t**2 + 35*t - 71. What is h(37)?
-145
Let g(c) = c**2 + 12*c + 40. Determine g(-10).
20
Let i(l) = l**3 - 21*l**2 + 11*l + 170. Give i(20).
-10
Let r(n) = 2*n**3 + 53*n**2 + 91*n + 98. Give r(-25).
-302
Let i(j) = 3*j**3 - 5*j**2 - 39*j - 26. Calculate i(-3).
-35
Let b(n) = 664*n - 2665. What is b(4)?
-9
Let t(a) = a**2 - 17*a - 105. Determine t(-6).
33
Let v(o) = o**3 - 147*o**2 - 1569*o + 11. What is v(-10)?
1
Let k(g) = 55*g + 154. Give k(-4).
-66
Let u(s) = 95*s - 10. Determine u(1).
85
Let q(n) = 2*n**3 + 5*n**2 + 44*n + 203. Calculate q(-5).
-142
Let l(a) = 308*a + 3390. Calculate l(-11).
2
Let l(d) = -d**3 + 9*d**2 + 132*d - 1195. What is l(9)?
-7
Let s(q) = 19*q + 1380. What is s(-77)?
-83
Let t(b) = -5*b - 12. Determine t(8).
-52
Let m(y) = 2*y**3 + 54*y**2 - 46*y - 1286. Give m(-27).
-44
Let p(o) = -2*o**3 + 31*o**2 + 35*o + 8. What is p(17)?
-264
Let p(q) = q + 55. Determine p(-36).
19
Let j(b) = 2*b**3 - 38*b**2 - 36*b - 53. Give j(20).
27
Let k(h) = -2*h**2 + 32*h - 98. Determine k(6).
22
Let h(n) = -22*n**2 + 47*n + 209. Calculate h(-4).
-331
Let l(w) = -235*w - 512. Calculate l(-2).
-42
Let n(d) = 66*d**2 + 195*d - 3. Determine n(-3).
6
Let i(b) = -b**3 + 22*b**2 - 110*b - 10. What is i(13)?
81
Let t(c) = -c**3 - 18*c**2 + 11*c - 108. Determine t(-18).
-306
Let b(q) = q**2 + 8*q - 67. Determine b(-13).
-2
Let j(d) = -1801*d + 16199. What is j(9)?
-10
Let w(u) = -2*u**3 + 13*u**2 + 19*u + 42. Give w(8).
2
Let c(n) = -n**3 + 45*n**2 - 436*n - 13. Calculate c(31).
-75
Let c(i) = -i**3 - 28*i**2 - 140*i - 10. Determine c(-21).
-157
Let d(n) = -2*n**2 + 117*n + 341. Give d(-3).
-28
Let q(m) = m**2 + 73*m + 1376. What is q(-38)?
46
Let n(v) = -2428*v + 19485. Determine n(8).
61
Let q(t) = -76*t + 2278. Calculate q(30).
-2
Let n(i) = 184*i**2 + 8*i - 7. Calculate n(1).
185
Let i(m) = -2*m**2 + 1952*m - 9709. Determine i(5).
1
Let w(c) = 4*c**3 + 34*c**2 + 5*c - 11. What is w(-8)?
77
Let r(z) = -2*z**2 + 6*z + 8. Calculate r(-5).
-72
Let h(p) = p**3 + 6*p**2 - 218*p + 66. Calculate h(-18).
102
Let z(k) = 9*k**3 - 8*k**2 + 38*k. Determine z(4).
600
Let v(m) = -m**3 + 27*m**2 - 82*m + 772. Calculate v(25).
-28
Let c(p) = 142*p + 843. What is c(-6)?
-9
Let c(k) = 4*k**3 + 29*k**2 + 41*k + 234. What is c(-7)?
-4
Let f(i) = 349*i + 2504. What is f(-7)?
61
Let c(j) = 91*j**2 + 194*j + 24. Give c(-2).
0
Let i(c) = -2*c**3 - 10*c**2 - 50*c - 172. Determine i(-4).
-4
Let r(w) = w**2 - 48*w + 130. Determine r(3).
-5
Let l(f) = -4*f**2 - 64*f - 282. Calculate l(-9).
-30
Let n(i) = 127*i + 20. What is n(0)?
20
Let w(j) = 34*j**2 + 880*j - 47. Calculate w(-26).
57
Let z(a) = -40*a + 893. Give z(25).
-107
Let n(w) = -w**2 - 688*w + 4164. Calculate n(6).
0
Let s(h) = -32*h**2 + 8*h + 18. Give s(-3).
-294
Let c(y) = -3*y**2 - 18*y + 30. Determine c(-13).
-243
Let x(n) = 6*n**3 - 6*n**2 + 10*n - 1. Determine x(2).
43
Let j(s) = -2*s**3 - 2*s**2 + 5*s - 6. Give j(2).
-20
Let n(d) = d + 181. Calculate n(-36).
145
Let q(b) = -4*b**2 - 4*b - 9. What is q(5)?
-129
Let m(a) = -10*a**2 - 21*a - 23. Calculate m(-6).
-257
Let j(w) = 3*w**3 - 7*w**2 + 20*w - 6. Give j(2).
30
Let t(s) = -197*s**3 - 13*s**2 + 2*s + 2. Give t(-1).
184
Let y(k) = 9*k + 319. Determine y(-33).
22
Let w(d) = 3*d**3 + 24*d**2 - 28*d - 30. Give w(-9).
-21
Let l(i) = 66*i**2 + 170*i - 1. Determine l(-3).
83
Let z(n) = n**3 - 52*n**2 + 151*n + 14. Calculate z(49).
210
Let g(v) = -v**3 + 12*v**2 - 9*v - 36. Calculate g(10).
74
Let r(w) = -w**2 + 563*w + 1674. What is r(-3)?
-24
Let j(c) = -2*c**3 + 28*c**2 - 3*c + 39. What is j(14)?
-3
Let f(s) = -8*s**2 + 69*s + 396. What is f(13)?
-59
Let a(j) = -2*j**2 - 111*j - 1482. Determine a(-33).
3
Let d(s) = 3*s**2 - 212*s + 605. What is d(3)?
-4
Let a(c) = -3*c**3 + 38*c**2 - 30*c + 64. Give a(12).
-8
Let s(c) = -100*c + 624. Calculate s(6).
24
Let g(h) = 8*h + 250. Calculate g(-13).
146
Let t(m) = -1330*m + 231. What is t(0)?
231
Let s(u) = -10*u**2 - 43*u + 13. Determine s(-10).
-557
Let g(n) = -3*n**2 - 267*n + 4018. Give g(14).
-308
Let v(b) = -11*b**2 - 56*b + 1. Determine v(-5).
6
Let f(g) = g**2 - g - 3. Calculate f(-1).
-1
Let y(c) = -c**3 - 18*c**2 - 10*c + 228. Determine y(-16).
-124
Let l(o) = 384*o + 20362. What is l(-53)?
10
Let k(a) = -a**3 - 55*a**2 - 157*a - 32. Give k(-52).
20
Let c(g) = -47*g**2 - 2680*g + 15. Calculate c(-57).
72
Let h(g) = -57*g + 342. Determine h(6).
0
Let v(s) = -3*s**2 + 5*s + 50. Calculate v(0).
50
Let n(k) = k**2 + 1601*k + 3196. Calculate n(-2).
-2
Let q(u) = 238*u + 1178. What is q(-5)?
-12
Let i(u) = -3*u**2 - 5*u + 7. Calculate i(1).
-1
Let f(h) = 2*h**3 - 17*h**2 + 20*h + 23. Give f(7).
16
Let w(a) = a**3 + 11*a**2 + 49*a + 578. Determine w(-11).
39
Let n(l) = 17*l**2 + 163*l + 789. Give n(-5).
399
Let x(u) = -335*u + 8034. Determine x(24).
-6
Let r(b) = -4*b**3 - 51*b**2 + 19*b + 105. What is r(-13)?
27
Let k(q) = 808*q - 11333. Determine k(14).
-21
Let x(o) = -2028*o + 20268. Determine x(10).
-12
Let m(z) = 4*z**3 + 8*z**2 - 102*z + 7. Give m(5).
197
Let q(j) = j**2 - 893*j - 893. What is q(-1)?
1
Let l(o) = o**3 - 2*o**2 - 18*o - 29. Give l(9).
376
Let k(g) = -g**3 + 28*g**2 - 44*g + 3120. Give k(30).
0
Let r(d) = -3*d**2 - 74*d + 377. What is r(-29)?
0
Let x(r) = 24*r**2 - 7*r + 15. Determine x(2).
97
Let a(i) = i**3 + 13*i**2 + 33. Determine a(-12).
177
Let s(a) = 21*a + 124. What is s(-6)?
-2
Let y(n) = -5*n**2 + 290*n + 604. Calculate y(-2).
4
Let g(d) = -d**3 - 14*d**2 + 52*d - 14. What is g(-17)?
-31
Let t(p) = -p + 28. What is t(6)?
22
Let t(z) = 12*z**2 + 876*z + 15. Determine t(-73).
15
Let v(h) = -h**3 + 5*h**2 + 7*h + 14. Calculate v(7).
-35
Let g(t) = 12*t**2 + 82*t + 60. Calculate g(-6).
0
Let s(n) = -7*n + 37. Give s(-3).
58
Let y(z) = 20*z**2 - 1678*z - 172. Calculate y(84).
-4
Let f(r) = -r**3 - 54*r**2 + 168*r + 5. What is f(3)?
-4
Let n(f) = -f**3 - 146*f**2 - 5004*f + 79. Calculate n(-91).
-12
Let t(m) = m**3 - 132*m**2 - 132*m - 152. Determine t(133).
-19
Let x(t) = -19*t**2 - 124*t + 23. Determine x(-11).
-912
Let j(k) = -k**3 - 117*k**2 - 118*k - 247. What is j(-116)?
-15
Let l(c) = -7*c**3 + 171*c**2 + 98*c + 31. What is l(25)?
-19
Let m(v) = 1210*v - 2416. Calculate m(2).
4
Let x(c) = -2*c**3 - 21*c**2 - 15*c + 9. Give x(-10).
59
Let c(n) = 24*n + 1956. Give c(-81).
12
Let y(a) = 166*a - 1195. Give y(7).
-33
Let o(p) = -p + 39. What is o(87)?
-48
Let h(n) = -n**2 + 12*n - 49. What is h(14)?
-77
Let h(f) = -40*f + 2645. Give h(67).
-35
Let h(b) = 22*b + 1481. Determine h(-67).
7
Let j(u) = 9*u**3 + 263*u**2 + 78*u + 582. Determine j(-29).
2
Let z(n) = 19*n**2 + 138*n - 120. Calculate z(-8).
-8
Let j(g) = 241*g - 3827. Determine j(16).
29
Let k(m) = 6*m**3 + 2*m**2 - 4*m + 7. Calculate k(-3).
-125
Let b(l) = -l**2 + 11*l + 43. Calculate b(-4).
-17
Let m(k) = -k**2 - 3*k + 1719. Calculate m(40).
-1
Let x(t) = -107*t - 110. What is x(-1)?
-3
Let u(n) = -n**3 + 22*n**2 + 101*n + 69. Calculate u(26).
-9
Let b(u) = 16*u**3 + 4*u**2 - 8*u - 13. What is b(-2)?
-109
Let h(v) = -v**2 + 15*v + 7. Calculate h(4).
51
Let r(x) = 2*x**3 - 21*x**2 + 21*x + 18. Give r(10).
128
Let m(l) = l**3 + 19*l**2 - 332*l - 66. Give m(-30).
-6
Let b(z) = 15611*z - 93672. Give b(6).
-6
Let b(n) = 109*n - 224. Give b(3).
103
Let x(w) = -93*w + 997. What is x(11)?
-26
Let v(u) = -u**2 + 335*u - 22191. Calculate v(91).
13
Let d(x) = 348*x + 9061. What is d(-26)?
13
Let p(j) = j**3 - 5*j**2 + 9*j - 1. What is p(3)?
8
Let l(k) = 2*k**3 + 7*k**2 + 30*k + 25. Calculate l(-4).
-111
Let l(i) = -i**3 - 65*i**2 + 9*i + 587. Determine l(-65).
2
Let p(t) = -t**3 - 30*t**2 + 66*t - 158. What is p(-32)?
-222
Let t(w) = 2*w**2 - 421*w + 1269. Give t(3).
24
Let a(u) = -7*u**3 + 49*u**2 + 59*u - 420. Determine a(7).
-7
Let y(x) = -x**2